s + 5 - 5. Let q be x(-1). Let i = -2 - q. Is i composite?
False
Let b(w) = w**3 - 4*w**2 - 7*w + 2. Let p be b(5). Let x be (25 + 3)*6/p. Is (-7)/x - 146/(-3) prime?
False
Suppose -3*d - d = 0. Suppose -5*s + 146 + 39 = d. Is s a prime number?
True
Let o = -19 + 22. Suppose 2074 = 4*n - o*b, 2*n - 2076 = -2*n + 4*b. Is n composite?
True
Let d = 18 + -18. Let f = d - -179. Is f a prime number?
True
Suppose g + 3*g = 24. Suppose -s - 165 = -g*s. Let u = s - 7. Is u a composite number?
True
Let i be 106*-1*-1 - -2. Let v = i - 22. Suppose 0 = s + s - v. Is s composite?
False
Is (-36)/(-96) + (-3765)/(-8) prime?
False
Suppose -36 = -3*u - 2*x, 3*x - 6 = 4*u - 37. Suppose o - 92 = -u. Is o prime?
False
Suppose -2*f = -10, 5*j - 81 = -f + 79. Let o = -54 + j. Let b = 56 + o. Is b composite?
True
Suppose 8*y - 142 = 6*y. Let b = y + -40. Is b a prime number?
True
Let i be ((-46)/6)/(1/(-3)). Let c = i + -15. Let t = -5 + c. Is t a prime number?
True
Let m = 1645 + -1124. Is m composite?
False
Let z = 52 - 26. Let r = 11 - -4. Let k = z - r. Is k composite?
False
Suppose -2*i - 2*x + 5*x + 24 = 0, -18 = -5*i - 3*x. Let s(o) = 17*o**2 + 9*o + 13. Is s(i) composite?
True
Suppose -1546 = 3*h - 4891. Is h a composite number?
True
Let i(t) = -4*t**2 + 5*t - 5. Suppose -3*y - y + 28 = -4*v, 3*y = 2*v + 21. Let x be i(y). Is x/(-18) - (-4)/(-18) a prime number?
False
Let h(o) = 4*o**3 - 6*o**2 - 17*o + 3. Is h(8) a composite number?
False
Let x = 74 + -53. Is x composite?
True
Suppose 0 = 5*g + 4*v - 2, 5*g - 3*g = 2*v - 10. Is 12 + 3 + 2/g a prime number?
False
Suppose j = -a - a + 358, -3*j - 3*a = -1074. Is j prime?
False
Let k = 14156 - 10050. Is k a composite number?
True
Let m = 6 - 2. Let j(o) = 2*o**2 - 6*o + 5. Is j(m) composite?
False
Let q = 3955 - 1902. Is q a composite number?
False
Suppose 297 + 113 = 5*s. Is s a composite number?
True
Let o(s) = -10*s**3 + s**2 - s - 1. Let a be o(-1). Suppose 2*p + 5*g = a, -5*g + 5 = -0*g. Suppose -2*n - 2*b = -108, n + p*b + 36 - 92 = 0. Is n composite?
False
Suppose 94 = -2*o - 4*z, -z + 150 = -3*o + 2*z. Let k = o - -230. Is k composite?
False
Suppose y + 2*n = 1221, 4*n = -0*y + 5*y - 6091. Is y composite?
True
Suppose 4*s = 9*s - 1185. Is s composite?
True
Let g(d) = d**2 + d + 2. Let q be g(-2). Suppose 480 = 5*v - 2*b - 123, v + q*b = 125. Is v a composite number?
True
Let w(m) = 9*m**2 - 4*m - 4. Let i be w(-3). Suppose -i = -3*d + 25. Suppose -t - t = -d. Is t a prime number?
True
Suppose 4*r - 1001 = -3*r. Suppose 6*f = r + 319. Is f a composite number?
True
Let j = 103 + -180. Let w = 308 + -110. Let z = w + j. Is z a composite number?
True
Let j(n) = 3*n + 10. Suppose -x + 5*x - 32 = 0. Is j(x) prime?
False
Suppose 2*g - 5 + 0 = 5*d, -4*d + 14 = 2*g. Let l = 313 - 185. Suppose -5*j = s - g*s + l, 2*s - 70 = j. Is s composite?
False
Let w = -641 - -30. Let o = w + 904. Is o prime?
True
Let f(r) = r**3 + 12*r**2 - 4*r - 15. Let t(v) = -3*v**3 - 25*v**2 + 9*v + 31. Let p(a) = 5*f(a) + 2*t(a). Is p(6) prime?
False
Let o = 129 + -205. Let y be -161 + 0*(0 + 1). Let a = o - y. Is a a composite number?
True
Suppose -2*u = -4*b + 5974, -b + 2*b - 5*u - 1498 = 0. Suppose -5*g + b = -637. Suppose -39 - g = -5*q. Is q prime?
False
Let m(l) = 6*l**3 - 2*l**2 + 1. Let n be m(1). Suppose -n*f = 2*t - 461, -5*f + 5 + 10 = 0. Is t prime?
True
Let x = 1404 - 920. Suppose -4*d = -x - 792. Is d a prime number?
False
Let t be 18/(0 - (-6)/(-8)). Let s = 119 + t. Is s composite?
True
Let p(m) = m**3 - 2*m**2 - 2*m - 2. Let c be p(3). Is -1*(-2 + c*-65) composite?
False
Let b(p) = 104*p - 17. Is b(2) a composite number?
False
Suppose 5*u - 2 = -5*j + 88, 0 = 2*j - 2*u - 44. Let f = 1 - 2. Let q = f + j. Is q a composite number?
False
Let v = -3 + 45. Suppose d = f - 2*d + v, -3*d + 6 = 0. Let j = 51 + f. Is j a composite number?
True
Let r(j) be the first derivative of j**7/840 + j**6/120 - j**5/20 - 7*j**4/24 - j**3 + 1. Let a(x) be the third derivative of r(x). Is a(5) composite?
False
Suppose -b - b = -1034. Is b prime?
False
Let q(j) = -331*j + 2. Is q(-5) a composite number?
False
Let b = 507 + -295. Suppose 3*d + d - b = 0. Is d prime?
True
Suppose 0 = -n + v + 13, n + 3*n - 42 = -v. Let d = n + -7. Suppose -d*z - z + 215 = 0. Is z a prime number?
True
Let i(m) = -37*m**3 + 5*m**2 - 3*m - 3. Let a(f) = 111*f**3 - 16*f**2 + 10*f + 10. Let p(v) = -2*a(v) - 7*i(v). Is p(2) composite?
True
Let n = 39 - 24. Is (n/(-6))/(1/(-58)) a prime number?
False
Suppose 0*w = 2*w - 254. Is w prime?
True
Suppose -15 = -5*z, 2*o = -0*o + 5*z + 47. Is o composite?
False
Suppose -14*y + 13*y + 57 = 0. Is y composite?
True
Suppose 3*k = r + 2*k + 24, -95 = 4*r - 5*k. Let f = -15 - r. Is f prime?
False
Let f(i) = 12*i**3 - 6*i**2 + 6*i + 3. Let t be f(3). Let w = t + -146. Is w a prime number?
False
Suppose -4*f - 2*n + 12890 = 0, 0 = -5*f - 7*n + 3*n + 16111. Is f prime?
False
Suppose -2*y = -4*n - 16, 4*y + 5*n + 18 + 2 = 0. Suppose y*z + 795 = 3*z. Suppose 0 = 4*x - 9*x + z. Is x a prime number?
True
Let q = 409 + -252. Is q a prime number?
True
Suppose -3*m + 742 = -56. Suppose -3*y = f - 670, -5*y - 960 + m = -f. Is f a composite number?
True
Suppose 4*q = -h - q - 2, 0 = -3*q - 3. Let s be 2/(-3) + (-3498)/(-9). Suppose h*j = -j + s. Is j a prime number?
True
Let g(c) = -56*c**3 + 6*c**2 + 7*c + 7. Is g(-4) composite?
False
Suppose 5*f + 2*c - 1539 = 0, -3*f + 0*c = -c - 919. Is f composite?
False
Let f = -11 - -15. Suppose 4*i - 172 = -0*i - f*q, -3*q + 167 = 4*i. Is i prime?
False
Suppose 4*y + 2850 = -y. Let d = 227 - y. Is d a prime number?
True
Let a(j) = -6*j + 1. Let u be ((-8)/12)/((-1)/(-12)). Is a(u) composite?
True
Suppose -199 = 4*k - 735. Is k composite?
True
Let k be (6/(-4))/((-2)/4). Suppose 57 = x - 8*h + k*h, -33 = -x - h. Is x a composite number?
False
Let p be 0 + -3 + (2 - -3). Suppose 4*g - 20 = 0, 0 = -2*f + 5*f - 2*g - p. Suppose 288 = f*i + 68. Is i a composite number?
True
Is (-4)/10 - 224/(-10) composite?
True
Suppose -3*a - 845 - 118 = 0. Let u = -39 - a. Let j = u - 199. Is j prime?
True
Suppose d = 3*d - 4, -w - 21 = -4*d. Let v = w - -34. Is v a prime number?
False
Let n(o) = -2*o - 2. Let f be n(-4). Suppose -5*s + 3*s = -2*m + f, -20 = -4*m. Suppose -s*a - 76 = -4*a. Is a a prime number?
False
Let i(w) = -w**3 - 3*w**2 + 4*w + 2. Let u be i(-4). Is -2 + 35 + (u - 0) a composite number?
True
Let i(c) = 5*c**2 - 7*c + 3. Let w be i(8). Suppose 0 = -2*n - 0*a - 5*a + w, -3*n + 5*a = -363. Suppose -b - n = -2*b + 4*q, -117 = -b - 5*q. Is b composite?
True
Suppose -2*r + j + 118 = 0, 0 = 2*j + 12 - 4. Is r a prime number?
False
Let q(m) = -2*m. Let z be 0 - (-2 - -5 - -1). Let o be q(z). Is 34/o + (-4)/16 a prime number?
False
Let x(n) be the second derivative of -3*n + 0 - 8/3*n**3 - 1/2*n**2. Is x(-2) a composite number?
False
Suppose 2*g + 4*b = -14, -4*g + 4 = 2*b + 2. Let l = 3 - g. Is (-2 - -5)*1 + l composite?
False
Let u = 668 - -1485. Is u composite?
False
Let v(q) = -q**2 - 8*q. Let c be v(-8). Suppose 6*n - n - 20 = c. Suppose -3*i - 958 = -5*w, -n*w = 2*i - 603 - 159. Is w a prime number?
True
Suppose 0 = -3*v - 2*t - 2, -4*v + 2 = -9*v - 3*t. Suppose -4*o + v*u = -274, 344 = 5*o - 0*u - u. Is o prime?
False
Is (-9138)/(-24) + 1/4 composite?
True
Let g = -27 - 6. Let w = g + 72. Is w composite?
True
Suppose -3108 - 3089 = -u. Is u a prime number?
True
Suppose 2*x - 11 - 9 = 0. Let i = -15 + x. Is 2*(445/(-2))/i composite?
False
Let l(r) = -3*r - 1. Let t be l(-1). Suppose -3*x + 3*o = -90, -t*o + 48 + 22 = 3*x. Is x a composite number?
True
Let q be (9/(-3))/(1*-1). Suppose q*p = 163 + 200. Suppose 3*n + 7 - p = j, 4*j = -4*n + 136. Is n prime?
True
Let l(v) be the third derivative of 1/6*v**3 + v**2 + 0 + 1/60*v**5 + 1/8*v**4 + 0*v. Is l(3) prime?
True
Suppose -6*y = -y - 1415. Let k = y + -138. Is k a composite number?
True
Suppose 2*z - 6*z = -5*y - 2944, 8 = -2*y. Is z a composite number?
True
Suppose 3*u + 42 + 24 = 2*r, -5*r + 2*u = -187. Let k = r + 162. Is k composite?
True
Let n(m) = -7*m**2 - 2*m**3 + 6*m + 1 - 1 + 3*m**3 + 1. Is n(7) prime?
True
Is (-2492)/(-36) + (-6)/(-81)*-3 composite?
True
Let d(w) = w + 1. Let y be d(0). Let n be ((-3)/2 + y)*-4. Is 254*1/n + 0 prime?